{"id":73,"date":"2020-01-12T08:03:43","date_gmt":"2020-01-12T08:03:43","guid":{"rendered":"https:\/\/amipaiessantmarcal.org\/?page_id=73"},"modified":"2024-07-10T15:25:53","modified_gmt":"2024-07-10T15:25:53","slug":"que-feim","status":"publish","type":"page","link":"https:\/\/amipaiessantmarcal.org\/index.php\/que-feim\/","title":{"rendered":"Que feim"},"content":{"rendered":"\n<p>Benvolgudes fam\u00edlies,<\/p>\n\n\n\n<p>Des de l\u2019AFA de l&#8217;IES Sant Mar\u00e7al es preparen diverses activitats al llarg de tot el curs. Us animam a participar i col\u00b7laborar amb tot el que s\u2019organitza. Entre les activitats que organizam poden destacar:<\/p>\n\n\n\n<ul class=\"wp-block-list\">\n<li>Participaci\u00f3 en el Consell Escolar del centre<\/li>\n\n\n\n<li>Organitzaci\u00f3 de xerrades, tallers i confer\u00e8ncies per a les fam\u00edlies<\/li>\n<\/ul>\n\n\n<div class=\"wp-block-image\">\n<figure class=\"aligncenter size-large is-resized\"><img loading=\"lazy\" decoding=\"async\" width=\"1024\" height=\"768\" src=\"https:\/\/amipaiessantmarcal.org\/wp-content\/uploads\/2020\/07\/WhatsApp-Image-2020-02-03-at-21.23.48-1024x768.jpeg\" alt=\"\" class=\"wp-image-202\" style=\"width:339px;height:254px\" srcset=\"https:\/\/amipaiessantmarcal.org\/wp-content\/uploads\/2020\/07\/WhatsApp-Image-2020-02-03-at-21.23.48-1024x768.jpeg 1024w, https:\/\/amipaiessantmarcal.org\/wp-content\/uploads\/2020\/07\/WhatsApp-Image-2020-02-03-at-21.23.48-300x225.jpeg 300w, https:\/\/amipaiessantmarcal.org\/wp-content\/uploads\/2020\/07\/WhatsApp-Image-2020-02-03-at-21.23.48-768x576.jpeg 768w, https:\/\/amipaiessantmarcal.org\/wp-content\/uploads\/2020\/07\/WhatsApp-Image-2020-02-03-at-21.23.48-1536x1152.jpeg 1536w, https:\/\/amipaiessantmarcal.org\/wp-content\/uploads\/2020\/07\/WhatsApp-Image-2020-02-03-at-21.23.48.jpeg 1600w\" sizes=\"auto, (max-width: 767px) 89vw, (max-width: 1000px) 54vw, (max-width: 1071px) 543px, 580px\" \/><figcaption class=\"wp-element-caption\">Taller \u00abEl teu fill no t&#8217;escolta ?\u00bb realitzat el gener de 2020<\/figcaption><\/figure><\/div>\n\n\n<ul class=\"wp-block-list\">\n<li>Organitzaci\u00f3 de festes tradicionals<\/li>\n<\/ul>\n\n\n<div class=\"wp-block-image\">\n<figure class=\"aligncenter size-large is-resized\"><img loading=\"lazy\" decoding=\"async\" width=\"960\" height=\"538\" src=\"https:\/\/amipaiessantmarcal.org\/wp-content\/uploads\/2020\/07\/foguero.jpg\" alt=\"\" class=\"wp-image-201\" style=\"width:372px;height:208px\" srcset=\"https:\/\/amipaiessantmarcal.org\/wp-content\/uploads\/2020\/07\/foguero.jpg 960w, https:\/\/amipaiessantmarcal.org\/wp-content\/uploads\/2020\/07\/foguero-300x168.jpg 300w, https:\/\/amipaiessantmarcal.org\/wp-content\/uploads\/2020\/07\/foguero-768x430.jpg 768w\" sizes=\"auto, (max-width: 767px) 89vw, (max-width: 1000px) 54vw, (max-width: 1071px) 543px, 580px\" \/><figcaption class=\"wp-element-caption\">Foguer\u00f3 de Sant Antoni 2018<\/figcaption><\/figure><\/div>\n\n\n<ul class=\"wp-block-list\">\n<li>Organitzaci\u00f3 de les festes de final de curs, amb les graduacions de 4t d&#8217;ESO i 2n de batxiller.<\/li>\n<\/ul>\n\n\n<div class=\"wp-block-image\">\n<figure class=\"aligncenter size-large is-resized\"><img loading=\"lazy\" decoding=\"async\" width=\"1024\" height=\"768\" src=\"https:\/\/amipaiessantmarcal.org\/wp-content\/uploads\/2020\/07\/graduacio-1024x768.jpg\" alt=\"\" class=\"wp-image-199\" style=\"width:398px;height:298px\" srcset=\"https:\/\/amipaiessantmarcal.org\/wp-content\/uploads\/2020\/07\/graduacio-1024x768.jpg 1024w, https:\/\/amipaiessantmarcal.org\/wp-content\/uploads\/2020\/07\/graduacio-300x225.jpg 300w, https:\/\/amipaiessantmarcal.org\/wp-content\/uploads\/2020\/07\/graduacio-768x576.jpg 768w, https:\/\/amipaiessantmarcal.org\/wp-content\/uploads\/2020\/07\/graduacio-1536x1152.jpg 1536w, https:\/\/amipaiessantmarcal.org\/wp-content\/uploads\/2020\/07\/graduacio.jpg 2048w\" sizes=\"auto, (max-width: 767px) 89vw, (max-width: 1000px) 54vw, (max-width: 1071px) 543px, 580px\" \/><figcaption class=\"wp-element-caption\">Festa de graduaci\u00f3 de 4t ESO 2017<\/figcaption><\/figure><\/div>\n\n\n<ul class=\"wp-block-list\">\n<li>Col\u00b7laboraci\u00f3 amb el centre en el proc\u00e9s educatiu dels nostres nins i nines.<\/li>\n<\/ul>\n","protected":false},"excerpt":{"rendered":"<p>Benvolgudes fam\u00edlies, Des de l\u2019AFA de l&#8217;IES Sant Mar\u00e7al es preparen diverses activitats al llarg de tot el curs. Us animam a participar i col\u00b7laborar amb tot el que s\u2019organitza. Entre les activitats que organizam poden destacar:<\/p>\n","protected":false},"author":1,"featured_media":0,"parent":0,"menu_order":0,"comment_status":"closed","ping_status":"closed","template":"","meta":{"footnotes":""},"class_list":["post-73","page","type-page","status-publish","hentry"],"yoast_head":"<!-- This site is optimized with the Yoast SEO plugin v24.3 - https:\/\/yoast.com\/wordpress\/plugins\/seo\/ -->\n<title>Que feim - AFA IES SANT MAR\u00c7AL<\/title>\n<meta name=\"robots\" content=\"index, follow, max-snippet:-1, max-image-preview:large, max-video-preview:-1\" \/>\n<link rel=\"canonical\" href=\"https:\/\/amipaiessantmarcal.org\/index.php\/que-feim\/\" \/>\n<meta property=\"og:locale\" content=\"es_ES\" \/>\n<meta property=\"og:type\" content=\"article\" \/>\n<meta property=\"og:title\" content=\"Que feim - AFA IES SANT MAR\u00c7AL\" \/>\n<meta property=\"og:description\" content=\"Benvolgudes fam\u00edlies, Des de l\u2019AFA de l&#8217;IES Sant Mar\u00e7al es preparen diverses activitats al llarg de tot el curs. Us animam a participar i col\u00b7laborar amb tot el que s\u2019organitza. Entre les activitats que organizam poden destacar:\" \/>\n<meta property=\"og:url\" content=\"https:\/\/amipaiessantmarcal.org\/index.php\/que-feim\/\" \/>\n<meta property=\"og:site_name\" content=\"AFA IES SANT MAR\u00c7AL\" \/>\n<meta property=\"article:modified_time\" content=\"2024-07-10T15:25:53+00:00\" \/>\n<meta property=\"og:image\" content=\"https:\/\/amipaiessantmarcal.org\/wp-content\/uploads\/2020\/07\/WhatsApp-Image-2020-02-03-at-21.23.48-1024x768.jpeg\" \/>\n<meta name=\"twitter:card\" content=\"summary_large_image\" \/>\n<meta name=\"twitter:label1\" content=\"Tiempo de lectura\" \/>\n\t<meta name=\"twitter:data1\" content=\"2 minutos\" \/>\n<script type=\"application\/ld+json\" class=\"yoast-schema-graph\">{\"@context\":\"https:\/\/schema.org\",\"@graph\":[{\"@type\":\"WebPage\",\"@id\":\"https:\/\/amipaiessantmarcal.org\/index.php\/que-feim\/\",\"url\":\"https:\/\/amipaiessantmarcal.org\/index.php\/que-feim\/\",\"name\":\"Que feim - AFA IES SANT MAR\u00c7AL\",\"isPartOf\":{\"@id\":\"https:\/\/amipaiessantmarcal.org\/#website\"},\"primaryImageOfPage\":{\"@id\":\"https:\/\/amipaiessantmarcal.org\/index.php\/que-feim\/#primaryimage\"},\"image\":{\"@id\":\"https:\/\/amipaiessantmarcal.org\/index.php\/que-feim\/#primaryimage\"},\"thumbnailUrl\":\"https:\/\/amipaiessantmarcal.org\/wp-content\/uploads\/2020\/07\/WhatsApp-Image-2020-02-03-at-21.23.48-1024x768.jpeg\",\"datePublished\":\"2020-01-12T08:03:43+00:00\",\"dateModified\":\"2024-07-10T15:25:53+00:00\",\"breadcrumb\":{\"@id\":\"https:\/\/amipaiessantmarcal.org\/index.php\/que-feim\/#breadcrumb\"},\"inLanguage\":\"es\",\"potentialAction\":[{\"@type\":\"ReadAction\",\"target\":[\"https:\/\/amipaiessantmarcal.org\/index.php\/que-feim\/\"]}]},{\"@type\":\"ImageObject\",\"inLanguage\":\"es\",\"@id\":\"https:\/\/amipaiessantmarcal.org\/index.php\/que-feim\/#primaryimage\",\"url\":\"https:\/\/amipaiessantmarcal.org\/wp-content\/uploads\/2020\/07\/WhatsApp-Image-2020-02-03-at-21.23.48.jpeg\",\"contentUrl\":\"https:\/\/amipaiessantmarcal.org\/wp-content\/uploads\/2020\/07\/WhatsApp-Image-2020-02-03-at-21.23.48.jpeg\",\"width\":1600,\"height\":1200},{\"@type\":\"BreadcrumbList\",\"@id\":\"https:\/\/amipaiessantmarcal.org\/index.php\/que-feim\/#breadcrumb\",\"itemListElement\":[{\"@type\":\"ListItem\",\"position\":1,\"name\":\"Home\",\"item\":\"https:\/\/amipaiessantmarcal.org\/\"},{\"@type\":\"ListItem\",\"position\":2,\"name\":\"Que feim\"}]},{\"@type\":\"WebSite\",\"@id\":\"https:\/\/amipaiessantmarcal.org\/#website\",\"url\":\"https:\/\/amipaiessantmarcal.org\/\",\"name\":\"AFA IES SANT MAR\u00c7AL\",\"description\":\"Associaci\u00f3 de Fam\u00edlies de l&#039;Institut de Sant Mar\u00e7al, Marratxi.\",\"publisher\":{\"@id\":\"https:\/\/amipaiessantmarcal.org\/#organization\"},\"potentialAction\":[{\"@type\":\"SearchAction\",\"target\":{\"@type\":\"EntryPoint\",\"urlTemplate\":\"https:\/\/amipaiessantmarcal.org\/?s={search_term_string}\"},\"query-input\":{\"@type\":\"PropertyValueSpecification\",\"valueRequired\":true,\"valueName\":\"search_term_string\"}}],\"inLanguage\":\"es\"},{\"@type\":\"Organization\",\"@id\":\"https:\/\/amipaiessantmarcal.org\/#organization\",\"name\":\"AFA IES SANT MAR\u00c7AL\",\"url\":\"https:\/\/amipaiessantmarcal.org\/\",\"logo\":{\"@type\":\"ImageObject\",\"inLanguage\":\"es\",\"@id\":\"https:\/\/amipaiessantmarcal.org\/#\/schema\/logo\/image\/\",\"url\":\"https:\/\/amipaiessantmarcal.org\/wp-content\/uploads\/2025\/06\/cropped-Logo-04.jpg\",\"contentUrl\":\"https:\/\/amipaiessantmarcal.org\/wp-content\/uploads\/2025\/06\/cropped-Logo-04.jpg\",\"width\":189,\"height\":250,\"caption\":\"AFA IES SANT MAR\u00c7AL\"},\"image\":{\"@id\":\"https:\/\/amipaiessantmarcal.org\/#\/schema\/logo\/image\/\"}}]}<\/script>\n<!-- \/ Yoast SEO plugin. -->","yoast_head_json":{"title":"Que feim - AFA IES SANT MAR\u00c7AL","robots":{"index":"index","follow":"follow","max-snippet":"max-snippet:-1","max-image-preview":"max-image-preview:large","max-video-preview":"max-video-preview:-1"},"canonical":"https:\/\/amipaiessantmarcal.org\/index.php\/que-feim\/","og_locale":"es_ES","og_type":"article","og_title":"Que feim - AFA IES SANT MAR\u00c7AL","og_description":"Benvolgudes fam\u00edlies, Des de l\u2019AFA de l&#8217;IES Sant Mar\u00e7al es preparen diverses activitats al llarg de tot el curs. Us animam a participar i col\u00b7laborar amb tot el que s\u2019organitza. Entre les activitats que organizam poden destacar:","og_url":"https:\/\/amipaiessantmarcal.org\/index.php\/que-feim\/","og_site_name":"AFA IES SANT MAR\u00c7AL","article_modified_time":"2024-07-10T15:25:53+00:00","og_image":[{"url":"https:\/\/amipaiessantmarcal.org\/wp-content\/uploads\/2020\/07\/WhatsApp-Image-2020-02-03-at-21.23.48-1024x768.jpeg","type":"","width":"","height":""}],"twitter_card":"summary_large_image","twitter_misc":{"Tiempo de lectura":"2 minutos"},"schema":{"@context":"https:\/\/schema.org","@graph":[{"@type":"WebPage","@id":"https:\/\/amipaiessantmarcal.org\/index.php\/que-feim\/","url":"https:\/\/amipaiessantmarcal.org\/index.php\/que-feim\/","name":"Que feim - AFA IES SANT MAR\u00c7AL","isPartOf":{"@id":"https:\/\/amipaiessantmarcal.org\/#website"},"primaryImageOfPage":{"@id":"https:\/\/amipaiessantmarcal.org\/index.php\/que-feim\/#primaryimage"},"image":{"@id":"https:\/\/amipaiessantmarcal.org\/index.php\/que-feim\/#primaryimage"},"thumbnailUrl":"https:\/\/amipaiessantmarcal.org\/wp-content\/uploads\/2020\/07\/WhatsApp-Image-2020-02-03-at-21.23.48-1024x768.jpeg","datePublished":"2020-01-12T08:03:43+00:00","dateModified":"2024-07-10T15:25:53+00:00","breadcrumb":{"@id":"https:\/\/amipaiessantmarcal.org\/index.php\/que-feim\/#breadcrumb"},"inLanguage":"es","potentialAction":[{"@type":"ReadAction","target":["https:\/\/amipaiessantmarcal.org\/index.php\/que-feim\/"]}]},{"@type":"ImageObject","inLanguage":"es","@id":"https:\/\/amipaiessantmarcal.org\/index.php\/que-feim\/#primaryimage","url":"https:\/\/amipaiessantmarcal.org\/wp-content\/uploads\/2020\/07\/WhatsApp-Image-2020-02-03-at-21.23.48.jpeg","contentUrl":"https:\/\/amipaiessantmarcal.org\/wp-content\/uploads\/2020\/07\/WhatsApp-Image-2020-02-03-at-21.23.48.jpeg","width":1600,"height":1200},{"@type":"BreadcrumbList","@id":"https:\/\/amipaiessantmarcal.org\/index.php\/que-feim\/#breadcrumb","itemListElement":[{"@type":"ListItem","position":1,"name":"Home","item":"https:\/\/amipaiessantmarcal.org\/"},{"@type":"ListItem","position":2,"name":"Que feim"}]},{"@type":"WebSite","@id":"https:\/\/amipaiessantmarcal.org\/#website","url":"https:\/\/amipaiessantmarcal.org\/","name":"AFA IES SANT MAR\u00c7AL","description":"Associaci\u00f3 de Fam\u00edlies de l&#039;Institut de Sant Mar\u00e7al, Marratxi.","publisher":{"@id":"https:\/\/amipaiessantmarcal.org\/#organization"},"potentialAction":[{"@type":"SearchAction","target":{"@type":"EntryPoint","urlTemplate":"https:\/\/amipaiessantmarcal.org\/?s={search_term_string}"},"query-input":{"@type":"PropertyValueSpecification","valueRequired":true,"valueName":"search_term_string"}}],"inLanguage":"es"},{"@type":"Organization","@id":"https:\/\/amipaiessantmarcal.org\/#organization","name":"AFA IES SANT MAR\u00c7AL","url":"https:\/\/amipaiessantmarcal.org\/","logo":{"@type":"ImageObject","inLanguage":"es","@id":"https:\/\/amipaiessantmarcal.org\/#\/schema\/logo\/image\/","url":"https:\/\/amipaiessantmarcal.org\/wp-content\/uploads\/2025\/06\/cropped-Logo-04.jpg","contentUrl":"https:\/\/amipaiessantmarcal.org\/wp-content\/uploads\/2025\/06\/cropped-Logo-04.jpg","width":189,"height":250,"caption":"AFA IES SANT MAR\u00c7AL"},"image":{"@id":"https:\/\/amipaiessantmarcal.org\/#\/schema\/logo\/image\/"}}]}},"_links":{"self":[{"href":"https:\/\/amipaiessantmarcal.org\/index.php\/wp-json\/wp\/v2\/pages\/73","targetHints":{"allow":["GET"]}}],"collection":[{"href":"https:\/\/amipaiessantmarcal.org\/index.php\/wp-json\/wp\/v2\/pages"}],"about":[{"href":"https:\/\/amipaiessantmarcal.org\/index.php\/wp-json\/wp\/v2\/types\/page"}],"author":[{"embeddable":true,"href":"https:\/\/amipaiessantmarcal.org\/index.php\/wp-json\/wp\/v2\/users\/1"}],"replies":[{"embeddable":true,"href":"https:\/\/amipaiessantmarcal.org\/index.php\/wp-json\/wp\/v2\/comments?post=73"}],"version-history":[{"count":6,"href":"https:\/\/amipaiessantmarcal.org\/index.php\/wp-json\/wp\/v2\/pages\/73\/revisions"}],"predecessor-version":[{"id":1573,"href":"https:\/\/amipaiessantmarcal.org\/index.php\/wp-json\/wp\/v2\/pages\/73\/revisions\/1573"}],"wp:attachment":[{"href":"https:\/\/amipaiessantmarcal.org\/index.php\/wp-json\/wp\/v2\/media?parent=73"}],"curies":[{"name":"wp","href":"https:\/\/api.w.org\/{rel}","templated":true}]}}