{"id":61,"date":"2020-01-12T08:03:43","date_gmt":"2020-01-12T08:03:43","guid":{"rendered":"https:\/\/amipaiessantmarcal.org\/?page_id=61"},"modified":"2022-09-23T14:32:09","modified_gmt":"2022-09-23T14:32:09","slug":"enllacos-dinteres","status":"publish","type":"page","link":"https:\/\/amipaiessantmarcal.org\/index.php\/enllacos-dinteres\/","title":{"rendered":"Enlla\u00e7os d&#8217;inter\u00e9s"},"content":{"rendered":"<div class=\"wp-block-image\">\n<figure class=\"alignleft size-large is-resized\"><a href=\"https:\/\/sites.google.com\/santmarcal.com\/iessantmaral\/inici?authuser=0\"><img loading=\"lazy\" decoding=\"async\" src=\"https:\/\/amipaiessantmarcal.org\/wp-content\/uploads\/2020\/01\/IES-1024x614.jpg\" alt=\"\" class=\"wp-image-137\" width=\"169\" height=\"101\" srcset=\"https:\/\/amipaiessantmarcal.org\/wp-content\/uploads\/2020\/01\/IES-1024x614.jpg 1024w, https:\/\/amipaiessantmarcal.org\/wp-content\/uploads\/2020\/01\/IES-300x180.jpg 300w, https:\/\/amipaiessantmarcal.org\/wp-content\/uploads\/2020\/01\/IES-768x461.jpg 768w, https:\/\/amipaiessantmarcal.org\/wp-content\/uploads\/2020\/01\/IES-1536x922.jpg 1536w, https:\/\/amipaiessantmarcal.org\/wp-content\/uploads\/2020\/01\/IES-2048x1229.jpg 2048w, https:\/\/amipaiessantmarcal.org\/wp-content\/uploads\/2020\/01\/IES-2000x1200.jpg 2000w\" sizes=\"auto, (max-width: 169px) 100vw, 169px\" \/><\/a><figcaption>Institut IES Sant Mar\u00e7al<\/figcaption><\/figure><\/div>\n\n<div class=\"wp-block-image\">\n<figure class=\"alignright size-large is-resized\"><a href=\"https:\/\/www.caib.es\/govern\/organigrama\/area.do?lang=ca&amp;coduo=7\"><img loading=\"lazy\" decoding=\"async\" src=\"https:\/\/amipaiessantmarcal.org\/wp-content\/uploads\/2020\/01\/descarga.png\" alt=\"\" class=\"wp-image-140\" width=\"184\" height=\"174\"\/><\/a><figcaption>Conselleria d&#8217;Educaci\u00f3, Universitat i Recerca<\/figcaption><\/figure><\/div>\n\n<div class=\"wp-block-image\">\n<figure class=\"alignleft size-large is-resized\"><a href=\"https:\/\/www3.caib.es\/xestib\/?idioma=es\"><img loading=\"lazy\" decoding=\"async\" src=\"https:\/\/amipaiessantmarcal.org\/wp-content\/uploads\/2020\/01\/gestib.png\" alt=\"\" class=\"wp-image-142\" width=\"191\" height=\"191\" srcset=\"https:\/\/amipaiessantmarcal.org\/wp-content\/uploads\/2020\/01\/gestib.png 512w, https:\/\/amipaiessantmarcal.org\/wp-content\/uploads\/2020\/01\/gestib-300x300.png 300w, https:\/\/amipaiessantmarcal.org\/wp-content\/uploads\/2020\/01\/gestib-150x150.png 150w, https:\/\/amipaiessantmarcal.org\/wp-content\/uploads\/2020\/01\/gestib-100x100.png 100w\" sizes=\"auto, (max-width: 191px) 100vw, 191px\" \/><\/a><figcaption>GestIB. Aplicaci\u00f3 per a la  gesti\u00f3 educativa de les Balears<\/figcaption><\/figure><\/div>\n\n\n<figure class=\"wp-block-image size-large is-resized\"><a href=\"https:\/\/www.fapamallorca.org\/\"><img loading=\"lazy\" decoding=\"async\" src=\"https:\/\/amipaiessantmarcal.org\/wp-content\/uploads\/2020\/01\/fapa_header_2018-1024x107.jpg\" alt=\"\" class=\"wp-image-143\" width=\"620\" height=\"64\" srcset=\"https:\/\/amipaiessantmarcal.org\/wp-content\/uploads\/2020\/01\/fapa_header_2018-1024x107.jpg 1024w, https:\/\/amipaiessantmarcal.org\/wp-content\/uploads\/2020\/01\/fapa_header_2018-300x31.jpg 300w, https:\/\/amipaiessantmarcal.org\/wp-content\/uploads\/2020\/01\/fapa_header_2018-768x80.jpg 768w, https:\/\/amipaiessantmarcal.org\/wp-content\/uploads\/2020\/01\/fapa_header_2018.jpg 1152w\" sizes=\"auto, (max-width: 620px) 100vw, 620px\" \/><\/a><\/figure>\n\n\n<div class=\"wp-block-image\">\n<figure class=\"alignleft size-large is-resized\"><a href=\"https:\/\/www.ceapa.es\/\"><img loading=\"lazy\" decoding=\"async\" src=\"https:\/\/amipaiessantmarcal.org\/wp-content\/uploads\/2020\/01\/ceapa.png\" alt=\"\" class=\"wp-image-145\" width=\"173\" height=\"100\" srcset=\"https:\/\/amipaiessantmarcal.org\/wp-content\/uploads\/2020\/01\/ceapa.png 547w, https:\/\/amipaiessantmarcal.org\/wp-content\/uploads\/2020\/01\/ceapa-300x173.png 300w\" sizes=\"auto, (max-width: 173px) 100vw, 173px\" \/><\/a><figcaption>Confederaci\u00f3 d&#8217;Associacions de Pares i Mares d&#8217;Alumnes<\/figcaption><\/figure><\/div>\n\n\n<figure class=\"wp-block-image size-large is-resized\"><a href=\"http:\/\/www.coapabalears.org\/\"><img loading=\"lazy\" decoding=\"async\" src=\"https:\/\/amipaiessantmarcal.org\/wp-content\/uploads\/2020\/01\/coapa_header5.png\" alt=\"\" class=\"wp-image-146\" width=\"425\" height=\"51\" srcset=\"https:\/\/amipaiessantmarcal.org\/wp-content\/uploads\/2020\/01\/coapa_header5.png 940w, https:\/\/amipaiessantmarcal.org\/wp-content\/uploads\/2020\/01\/coapa_header5-300x37.png 300w, https:\/\/amipaiessantmarcal.org\/wp-content\/uploads\/2020\/01\/coapa_header5-768x94.png 768w\" sizes=\"auto, (max-width: 425px) 100vw, 425px\" \/><\/a><\/figure>\n","protected":false},"excerpt":{"rendered":"","protected":false},"author":1,"featured_media":0,"parent":0,"menu_order":0,"comment_status":"closed","ping_status":"closed","template":"","meta":{"footnotes":""},"class_list":["post-61","page","type-page","status-publish","hentry"],"yoast_head":"<!-- This site is optimized with the Yoast SEO plugin v24.3 - https:\/\/yoast.com\/wordpress\/plugins\/seo\/ -->\n<title>Enlla\u00e7os d&#039;inter\u00e9s - AFA IES SANT MAR\u00c7AL<\/title>\n<meta name=\"robots\" content=\"index, follow, max-snippet:-1, max-image-preview:large, max-video-preview:-1\" \/>\n<link rel=\"canonical\" href=\"https:\/\/amipaiessantmarcal.org\/index.php\/enllacos-dinteres\/\" \/>\n<meta property=\"og:locale\" content=\"es_ES\" \/>\n<meta property=\"og:type\" content=\"article\" \/>\n<meta property=\"og:title\" content=\"Enlla\u00e7os d&#039;inter\u00e9s - AFA IES SANT MAR\u00c7AL\" \/>\n<meta property=\"og:url\" content=\"https:\/\/amipaiessantmarcal.org\/index.php\/enllacos-dinteres\/\" \/>\n<meta property=\"og:site_name\" content=\"AFA IES SANT MAR\u00c7AL\" \/>\n<meta property=\"article:modified_time\" content=\"2022-09-23T14:32:09+00:00\" \/>\n<meta property=\"og:image\" content=\"https:\/\/amipaiessantmarcal.org\/wp-content\/uploads\/2020\/01\/IES-1024x614.jpg\" \/>\n<meta name=\"twitter:card\" content=\"summary_large_image\" \/>\n<meta name=\"twitter:label1\" content=\"Tiempo de lectura\" \/>\n\t<meta name=\"twitter:data1\" content=\"2 minutos\" \/>\n<script type=\"application\/ld+json\" class=\"yoast-schema-graph\">{\"@context\":\"https:\/\/schema.org\",\"@graph\":[{\"@type\":\"WebPage\",\"@id\":\"https:\/\/amipaiessantmarcal.org\/index.php\/enllacos-dinteres\/\",\"url\":\"https:\/\/amipaiessantmarcal.org\/index.php\/enllacos-dinteres\/\",\"name\":\"Enlla\u00e7os d'inter\u00e9s - AFA IES SANT MAR\u00c7AL\",\"isPartOf\":{\"@id\":\"https:\/\/amipaiessantmarcal.org\/#website\"},\"primaryImageOfPage\":{\"@id\":\"https:\/\/amipaiessantmarcal.org\/index.php\/enllacos-dinteres\/#primaryimage\"},\"image\":{\"@id\":\"https:\/\/amipaiessantmarcal.org\/index.php\/enllacos-dinteres\/#primaryimage\"},\"thumbnailUrl\":\"https:\/\/amipaiessantmarcal.org\/wp-content\/uploads\/2020\/01\/IES-1024x614.jpg\",\"datePublished\":\"2020-01-12T08:03:43+00:00\",\"dateModified\":\"2022-09-23T14:32:09+00:00\",\"breadcrumb\":{\"@id\":\"https:\/\/amipaiessantmarcal.org\/index.php\/enllacos-dinteres\/#breadcrumb\"},\"inLanguage\":\"es\",\"potentialAction\":[{\"@type\":\"ReadAction\",\"target\":[\"https:\/\/amipaiessantmarcal.org\/index.php\/enllacos-dinteres\/\"]}]},{\"@type\":\"ImageObject\",\"inLanguage\":\"es\",\"@id\":\"https:\/\/amipaiessantmarcal.org\/index.php\/enllacos-dinteres\/#primaryimage\",\"url\":\"https:\/\/amipaiessantmarcal.org\/wp-content\/uploads\/2020\/01\/IES-1024x614.jpg\",\"contentUrl\":\"https:\/\/amipaiessantmarcal.org\/wp-content\/uploads\/2020\/01\/IES-1024x614.jpg\"},{\"@type\":\"BreadcrumbList\",\"@id\":\"https:\/\/amipaiessantmarcal.org\/index.php\/enllacos-dinteres\/#breadcrumb\",\"itemListElement\":[{\"@type\":\"ListItem\",\"position\":1,\"name\":\"Home\",\"item\":\"https:\/\/amipaiessantmarcal.org\/\"},{\"@type\":\"ListItem\",\"position\":2,\"name\":\"Enlla\u00e7os d&#8217;inter\u00e9s\"}]},{\"@type\":\"WebSite\",\"@id\":\"https:\/\/amipaiessantmarcal.org\/#website\",\"url\":\"https:\/\/amipaiessantmarcal.org\/\",\"name\":\"AFA IES SANT MAR\u00c7AL\",\"description\":\"Associaci\u00f3 de Fam\u00edlies de l&#039;Institut de Sant Mar\u00e7al, Marratxi.\",\"publisher\":{\"@id\":\"https:\/\/amipaiessantmarcal.org\/#organization\"},\"potentialAction\":[{\"@type\":\"SearchAction\",\"target\":{\"@type\":\"EntryPoint\",\"urlTemplate\":\"https:\/\/amipaiessantmarcal.org\/?s={search_term_string}\"},\"query-input\":{\"@type\":\"PropertyValueSpecification\",\"valueRequired\":true,\"valueName\":\"search_term_string\"}}],\"inLanguage\":\"es\"},{\"@type\":\"Organization\",\"@id\":\"https:\/\/amipaiessantmarcal.org\/#organization\",\"name\":\"AFA IES SANT MAR\u00c7AL\",\"url\":\"https:\/\/amipaiessantmarcal.org\/\",\"logo\":{\"@type\":\"ImageObject\",\"inLanguage\":\"es\",\"@id\":\"https:\/\/amipaiessantmarcal.org\/#\/schema\/logo\/image\/\",\"url\":\"https:\/\/amipaiessantmarcal.org\/wp-content\/uploads\/2025\/06\/cropped-Logo-04.jpg\",\"contentUrl\":\"https:\/\/amipaiessantmarcal.org\/wp-content\/uploads\/2025\/06\/cropped-Logo-04.jpg\",\"width\":189,\"height\":250,\"caption\":\"AFA IES SANT MAR\u00c7AL\"},\"image\":{\"@id\":\"https:\/\/amipaiessantmarcal.org\/#\/schema\/logo\/image\/\"}}]}<\/script>\n<!-- \/ Yoast SEO plugin. -->","yoast_head_json":{"title":"Enlla\u00e7os d'inter\u00e9s - AFA IES SANT MAR\u00c7AL","robots":{"index":"index","follow":"follow","max-snippet":"max-snippet:-1","max-image-preview":"max-image-preview:large","max-video-preview":"max-video-preview:-1"},"canonical":"https:\/\/amipaiessantmarcal.org\/index.php\/enllacos-dinteres\/","og_locale":"es_ES","og_type":"article","og_title":"Enlla\u00e7os d'inter\u00e9s - AFA IES SANT MAR\u00c7AL","og_url":"https:\/\/amipaiessantmarcal.org\/index.php\/enllacos-dinteres\/","og_site_name":"AFA IES SANT MAR\u00c7AL","article_modified_time":"2022-09-23T14:32:09+00:00","og_image":[{"url":"https:\/\/amipaiessantmarcal.org\/wp-content\/uploads\/2020\/01\/IES-1024x614.jpg","type":"","width":"","height":""}],"twitter_card":"summary_large_image","twitter_misc":{"Tiempo de lectura":"2 minutos"},"schema":{"@context":"https:\/\/schema.org","@graph":[{"@type":"WebPage","@id":"https:\/\/amipaiessantmarcal.org\/index.php\/enllacos-dinteres\/","url":"https:\/\/amipaiessantmarcal.org\/index.php\/enllacos-dinteres\/","name":"Enlla\u00e7os d'inter\u00e9s - AFA IES SANT MAR\u00c7AL","isPartOf":{"@id":"https:\/\/amipaiessantmarcal.org\/#website"},"primaryImageOfPage":{"@id":"https:\/\/amipaiessantmarcal.org\/index.php\/enllacos-dinteres\/#primaryimage"},"image":{"@id":"https:\/\/amipaiessantmarcal.org\/index.php\/enllacos-dinteres\/#primaryimage"},"thumbnailUrl":"https:\/\/amipaiessantmarcal.org\/wp-content\/uploads\/2020\/01\/IES-1024x614.jpg","datePublished":"2020-01-12T08:03:43+00:00","dateModified":"2022-09-23T14:32:09+00:00","breadcrumb":{"@id":"https:\/\/amipaiessantmarcal.org\/index.php\/enllacos-dinteres\/#breadcrumb"},"inLanguage":"es","potentialAction":[{"@type":"ReadAction","target":["https:\/\/amipaiessantmarcal.org\/index.php\/enllacos-dinteres\/"]}]},{"@type":"ImageObject","inLanguage":"es","@id":"https:\/\/amipaiessantmarcal.org\/index.php\/enllacos-dinteres\/#primaryimage","url":"https:\/\/amipaiessantmarcal.org\/wp-content\/uploads\/2020\/01\/IES-1024x614.jpg","contentUrl":"https:\/\/amipaiessantmarcal.org\/wp-content\/uploads\/2020\/01\/IES-1024x614.jpg"},{"@type":"BreadcrumbList","@id":"https:\/\/amipaiessantmarcal.org\/index.php\/enllacos-dinteres\/#breadcrumb","itemListElement":[{"@type":"ListItem","position":1,"name":"Home","item":"https:\/\/amipaiessantmarcal.org\/"},{"@type":"ListItem","position":2,"name":"Enlla\u00e7os d&#8217;inter\u00e9s"}]},{"@type":"WebSite","@id":"https:\/\/amipaiessantmarcal.org\/#website","url":"https:\/\/amipaiessantmarcal.org\/","name":"AFA IES SANT MAR\u00c7AL","description":"Associaci\u00f3 de Fam\u00edlies de l&#039;Institut de Sant Mar\u00e7al, Marratxi.","publisher":{"@id":"https:\/\/amipaiessantmarcal.org\/#organization"},"potentialAction":[{"@type":"SearchAction","target":{"@type":"EntryPoint","urlTemplate":"https:\/\/amipaiessantmarcal.org\/?s={search_term_string}"},"query-input":{"@type":"PropertyValueSpecification","valueRequired":true,"valueName":"search_term_string"}}],"inLanguage":"es"},{"@type":"Organization","@id":"https:\/\/amipaiessantmarcal.org\/#organization","name":"AFA IES SANT MAR\u00c7AL","url":"https:\/\/amipaiessantmarcal.org\/","logo":{"@type":"ImageObject","inLanguage":"es","@id":"https:\/\/amipaiessantmarcal.org\/#\/schema\/logo\/image\/","url":"https:\/\/amipaiessantmarcal.org\/wp-content\/uploads\/2025\/06\/cropped-Logo-04.jpg","contentUrl":"https:\/\/amipaiessantmarcal.org\/wp-content\/uploads\/2025\/06\/cropped-Logo-04.jpg","width":189,"height":250,"caption":"AFA IES SANT MAR\u00c7AL"},"image":{"@id":"https:\/\/amipaiessantmarcal.org\/#\/schema\/logo\/image\/"}}]}},"_links":{"self":[{"href":"https:\/\/amipaiessantmarcal.org\/index.php\/wp-json\/wp\/v2\/pages\/61","targetHints":{"allow":["GET"]}}],"collection":[{"href":"https:\/\/amipaiessantmarcal.org\/index.php\/wp-json\/wp\/v2\/pages"}],"about":[{"href":"https:\/\/amipaiessantmarcal.org\/index.php\/wp-json\/wp\/v2\/types\/page"}],"author":[{"embeddable":true,"href":"https:\/\/amipaiessantmarcal.org\/index.php\/wp-json\/wp\/v2\/users\/1"}],"replies":[{"embeddable":true,"href":"https:\/\/amipaiessantmarcal.org\/index.php\/wp-json\/wp\/v2\/comments?post=61"}],"version-history":[{"count":10,"href":"https:\/\/amipaiessantmarcal.org\/index.php\/wp-json\/wp\/v2\/pages\/61\/revisions"}],"predecessor-version":[{"id":346,"href":"https:\/\/amipaiessantmarcal.org\/index.php\/wp-json\/wp\/v2\/pages\/61\/revisions\/346"}],"wp:attachment":[{"href":"https:\/\/amipaiessantmarcal.org\/index.php\/wp-json\/wp\/v2\/media?parent=61"}],"curies":[{"name":"wp","href":"https:\/\/api.w.org\/{rel}","templated":true}]}}