{"id":176,"date":"2020-06-03T17:18:57","date_gmt":"2020-06-03T17:18:57","guid":{"rendered":"https:\/\/amipaiessantmarcal.org\/?page_id=176"},"modified":"2025-05-17T20:12:44","modified_gmt":"2025-05-17T20:12:44","slug":"associau-vos","status":"publish","type":"page","link":"https:\/\/amipaiessantmarcal.org\/index.php\/associau-vos\/","title":{"rendered":"Associau-vos"},"content":{"rendered":"\n<ul class=\"wp-block-list\">\n<li>Pots participar de manera activa en els esdeveniments que organitzam: tallers i xerrades per a les fam\u00edlies, ajudar en les festes que es fan al centre\u2026,<\/li>\n\n\n\n<li>I el m\u00e9s important: col\u00b7laborar en la millora de l&#8217;educaci\u00f3 dels teus fills i filles<\/li>\n<\/ul>\n\n\n\n<p><strong>Per fer-vos socis heu de fer el seg\u00fcent:<\/strong><\/p>\n\n\n\n<p>Pel curs 2025-26 la quota de socis ser\u00e0 de 25 \u20ac. L&#8217;ingr\u00e9s s&#8217;ha de fer al compte de <strong>CAIXABANK ES52 2100 8121 3913 0018 6013<\/strong>, indicant els llinatges de la fam\u00edlia.<\/p>\n\n\n\n<p><a href=\"https:\/\/forms.gle\/iZDqp9eGZk8eYFDH8\" target=\"_blank\" rel=\"noreferrer noopener\">Formulari per associar-se<\/a><\/p>\n\n\n\n<p>Per qualsevol dubte podeu enviar un correu a: <a href=\"mailto:amipaiessantmarcal@gmail.com\">afaiessantmarcal@gmail.com<\/a><\/p>\n","protected":false},"excerpt":{"rendered":"<p>Per fer-vos socis heu de fer el seg\u00fcent: Pel curs 2025-26 la quota de socis ser\u00e0 de 25 \u20ac. L&#8217;ingr\u00e9s s&#8217;ha de fer al compte de CAIXABANK ES52 2100 8121 3913 0018 6013, indicant els llinatges de la fam\u00edlia. Formulari per associar-se Per qualsevol dubte podeu enviar un correu a: afaiessantmarcal@gmail.com<\/p>\n","protected":false},"author":1,"featured_media":0,"parent":0,"menu_order":0,"comment_status":"closed","ping_status":"closed","template":"","meta":{"footnotes":""},"class_list":["post-176","page","type-page","status-publish","hentry"],"yoast_head":"<!-- This site is optimized with the Yoast SEO plugin v24.3 - https:\/\/yoast.com\/wordpress\/plugins\/seo\/ -->\n<title>Associau-vos - AFA IES SANT MAR\u00c7AL<\/title>\n<meta name=\"robots\" content=\"index, follow, max-snippet:-1, max-image-preview:large, max-video-preview:-1\" \/>\n<link rel=\"canonical\" href=\"https:\/\/amipaiessantmarcal.org\/index.php\/associau-vos\/\" \/>\n<meta property=\"og:locale\" content=\"es_ES\" \/>\n<meta property=\"og:type\" content=\"article\" \/>\n<meta property=\"og:title\" content=\"Associau-vos - AFA IES SANT MAR\u00c7AL\" \/>\n<meta property=\"og:description\" content=\"Per fer-vos socis heu de fer el seg\u00fcent: Pel curs 2025-26 la quota de socis ser\u00e0 de 25 \u20ac. L&#8217;ingr\u00e9s s&#8217;ha de fer al compte de CAIXABANK ES52 2100 8121 3913 0018 6013, indicant els llinatges de la fam\u00edlia. Formulari per associar-se Per qualsevol dubte podeu enviar un correu a: afaiessantmarcal@gmail.com\" \/>\n<meta property=\"og:url\" content=\"https:\/\/amipaiessantmarcal.org\/index.php\/associau-vos\/\" \/>\n<meta property=\"og:site_name\" content=\"AFA IES SANT MAR\u00c7AL\" \/>\n<meta property=\"article:modified_time\" content=\"2025-05-17T20:12:44+00:00\" \/>\n<meta name=\"twitter:card\" content=\"summary_large_image\" \/>\n<meta name=\"twitter:label1\" content=\"Tiempo de lectura\" \/>\n\t<meta name=\"twitter:data1\" content=\"1 minuto\" \/>\n<script type=\"application\/ld+json\" class=\"yoast-schema-graph\">{\"@context\":\"https:\/\/schema.org\",\"@graph\":[{\"@type\":\"WebPage\",\"@id\":\"https:\/\/amipaiessantmarcal.org\/index.php\/associau-vos\/\",\"url\":\"https:\/\/amipaiessantmarcal.org\/index.php\/associau-vos\/\",\"name\":\"Associau-vos - AFA IES SANT MAR\u00c7AL\",\"isPartOf\":{\"@id\":\"https:\/\/amipaiessantmarcal.org\/#website\"},\"datePublished\":\"2020-06-03T17:18:57+00:00\",\"dateModified\":\"2025-05-17T20:12:44+00:00\",\"breadcrumb\":{\"@id\":\"https:\/\/amipaiessantmarcal.org\/index.php\/associau-vos\/#breadcrumb\"},\"inLanguage\":\"es\",\"potentialAction\":[{\"@type\":\"ReadAction\",\"target\":[\"https:\/\/amipaiessantmarcal.org\/index.php\/associau-vos\/\"]}]},{\"@type\":\"BreadcrumbList\",\"@id\":\"https:\/\/amipaiessantmarcal.org\/index.php\/associau-vos\/#breadcrumb\",\"itemListElement\":[{\"@type\":\"ListItem\",\"position\":1,\"name\":\"Home\",\"item\":\"https:\/\/amipaiessantmarcal.org\/\"},{\"@type\":\"ListItem\",\"position\":2,\"name\":\"Associau-vos\"}]},{\"@type\":\"WebSite\",\"@id\":\"https:\/\/amipaiessantmarcal.org\/#website\",\"url\":\"https:\/\/amipaiessantmarcal.org\/\",\"name\":\"AFA IES SANT MAR\u00c7AL\",\"description\":\"Associaci\u00f3 de Fam\u00edlies de l&#039;Institut de Sant Mar\u00e7al, Marratxi.\",\"publisher\":{\"@id\":\"https:\/\/amipaiessantmarcal.org\/#organization\"},\"potentialAction\":[{\"@type\":\"SearchAction\",\"target\":{\"@type\":\"EntryPoint\",\"urlTemplate\":\"https:\/\/amipaiessantmarcal.org\/?s={search_term_string}\"},\"query-input\":{\"@type\":\"PropertyValueSpecification\",\"valueRequired\":true,\"valueName\":\"search_term_string\"}}],\"inLanguage\":\"es\"},{\"@type\":\"Organization\",\"@id\":\"https:\/\/amipaiessantmarcal.org\/#organization\",\"name\":\"AFA IES SANT MAR\u00c7AL\",\"url\":\"https:\/\/amipaiessantmarcal.org\/\",\"logo\":{\"@type\":\"ImageObject\",\"inLanguage\":\"es\",\"@id\":\"https:\/\/amipaiessantmarcal.org\/#\/schema\/logo\/image\/\",\"url\":\"https:\/\/amipaiessantmarcal.org\/wp-content\/uploads\/2025\/06\/cropped-Logo-04.jpg\",\"contentUrl\":\"https:\/\/amipaiessantmarcal.org\/wp-content\/uploads\/2025\/06\/cropped-Logo-04.jpg\",\"width\":189,\"height\":250,\"caption\":\"AFA IES SANT MAR\u00c7AL\"},\"image\":{\"@id\":\"https:\/\/amipaiessantmarcal.org\/#\/schema\/logo\/image\/\"}}]}<\/script>\n<!-- \/ Yoast SEO plugin. -->","yoast_head_json":{"title":"Associau-vos - AFA IES SANT MAR\u00c7AL","robots":{"index":"index","follow":"follow","max-snippet":"max-snippet:-1","max-image-preview":"max-image-preview:large","max-video-preview":"max-video-preview:-1"},"canonical":"https:\/\/amipaiessantmarcal.org\/index.php\/associau-vos\/","og_locale":"es_ES","og_type":"article","og_title":"Associau-vos - AFA IES SANT MAR\u00c7AL","og_description":"Per fer-vos socis heu de fer el seg\u00fcent: Pel curs 2025-26 la quota de socis ser\u00e0 de 25 \u20ac. L&#8217;ingr\u00e9s s&#8217;ha de fer al compte de CAIXABANK ES52 2100 8121 3913 0018 6013, indicant els llinatges de la fam\u00edlia. Formulari per associar-se Per qualsevol dubte podeu enviar un correu a: afaiessantmarcal@gmail.com","og_url":"https:\/\/amipaiessantmarcal.org\/index.php\/associau-vos\/","og_site_name":"AFA IES SANT MAR\u00c7AL","article_modified_time":"2025-05-17T20:12:44+00:00","twitter_card":"summary_large_image","twitter_misc":{"Tiempo de lectura":"1 minuto"},"schema":{"@context":"https:\/\/schema.org","@graph":[{"@type":"WebPage","@id":"https:\/\/amipaiessantmarcal.org\/index.php\/associau-vos\/","url":"https:\/\/amipaiessantmarcal.org\/index.php\/associau-vos\/","name":"Associau-vos - AFA IES SANT MAR\u00c7AL","isPartOf":{"@id":"https:\/\/amipaiessantmarcal.org\/#website"},"datePublished":"2020-06-03T17:18:57+00:00","dateModified":"2025-05-17T20:12:44+00:00","breadcrumb":{"@id":"https:\/\/amipaiessantmarcal.org\/index.php\/associau-vos\/#breadcrumb"},"inLanguage":"es","potentialAction":[{"@type":"ReadAction","target":["https:\/\/amipaiessantmarcal.org\/index.php\/associau-vos\/"]}]},{"@type":"BreadcrumbList","@id":"https:\/\/amipaiessantmarcal.org\/index.php\/associau-vos\/#breadcrumb","itemListElement":[{"@type":"ListItem","position":1,"name":"Home","item":"https:\/\/amipaiessantmarcal.org\/"},{"@type":"ListItem","position":2,"name":"Associau-vos"}]},{"@type":"WebSite","@id":"https:\/\/amipaiessantmarcal.org\/#website","url":"https:\/\/amipaiessantmarcal.org\/","name":"AFA IES SANT MAR\u00c7AL","description":"Associaci\u00f3 de Fam\u00edlies de l&#039;Institut de Sant Mar\u00e7al, Marratxi.","publisher":{"@id":"https:\/\/amipaiessantmarcal.org\/#organization"},"potentialAction":[{"@type":"SearchAction","target":{"@type":"EntryPoint","urlTemplate":"https:\/\/amipaiessantmarcal.org\/?s={search_term_string}"},"query-input":{"@type":"PropertyValueSpecification","valueRequired":true,"valueName":"search_term_string"}}],"inLanguage":"es"},{"@type":"Organization","@id":"https:\/\/amipaiessantmarcal.org\/#organization","name":"AFA IES SANT MAR\u00c7AL","url":"https:\/\/amipaiessantmarcal.org\/","logo":{"@type":"ImageObject","inLanguage":"es","@id":"https:\/\/amipaiessantmarcal.org\/#\/schema\/logo\/image\/","url":"https:\/\/amipaiessantmarcal.org\/wp-content\/uploads\/2025\/06\/cropped-Logo-04.jpg","contentUrl":"https:\/\/amipaiessantmarcal.org\/wp-content\/uploads\/2025\/06\/cropped-Logo-04.jpg","width":189,"height":250,"caption":"AFA IES SANT MAR\u00c7AL"},"image":{"@id":"https:\/\/amipaiessantmarcal.org\/#\/schema\/logo\/image\/"}}]}},"_links":{"self":[{"href":"https:\/\/amipaiessantmarcal.org\/index.php\/wp-json\/wp\/v2\/pages\/176","targetHints":{"allow":["GET"]}}],"collection":[{"href":"https:\/\/amipaiessantmarcal.org\/index.php\/wp-json\/wp\/v2\/pages"}],"about":[{"href":"https:\/\/amipaiessantmarcal.org\/index.php\/wp-json\/wp\/v2\/types\/page"}],"author":[{"embeddable":true,"href":"https:\/\/amipaiessantmarcal.org\/index.php\/wp-json\/wp\/v2\/users\/1"}],"replies":[{"embeddable":true,"href":"https:\/\/amipaiessantmarcal.org\/index.php\/wp-json\/wp\/v2\/comments?post=176"}],"version-history":[{"count":22,"href":"https:\/\/amipaiessantmarcal.org\/index.php\/wp-json\/wp\/v2\/pages\/176\/revisions"}],"predecessor-version":[{"id":1643,"href":"https:\/\/amipaiessantmarcal.org\/index.php\/wp-json\/wp\/v2\/pages\/176\/revisions\/1643"}],"wp:attachment":[{"href":"https:\/\/amipaiessantmarcal.org\/index.php\/wp-json\/wp\/v2\/media?parent=176"}],"curies":[{"name":"wp","href":"https:\/\/api.w.org\/{rel}","templated":true}]}}

<ul class="wp-block-list">
<li>Pots participar de manera activa en els esdeveniments que organitzam: tallers i xerrades per a les famílies, ajudar en les festes que es fan al centre…,</li>



<li>I el més important: col·laborar en la millora de l&#8217;educació dels teus fills i filles</li>
</ul>



<p><strong>Per fer-vos socis heu de fer el següent:</strong></p>



<p>Pel curs 2025-26 la quota de socis serà de 25 €. L&#8217;ingrés s&#8217;ha de fer al compte de <strong>CAIXABANK ES52 2100 8121 3913 0018 6013</strong>, indicant els llinatges de la família.</p>



<p><a href="https://forms.gle/iZDqp9eGZk8eYFDH8" target="_blank" rel="noreferrer noopener">Formulari per associar-se</a></p>



<p>Per qualsevol dubte podeu enviar un correu a: <a href="mailto:amipaiessantmarcal@gmail.com">afaiessantmarcal@gmail.com</a></p>

<p>Per fer-vos socis heu de fer el següent: Pel curs 2025-26 la quota de socis serà de 25 €. L&#8217;ingrés s&#8217;ha de fer al compte de CAIXABANK ES52 2100 8121 3913 0018 6013, indicant els llinatges de la família. Formulari per associar-se Per qualsevol dubte podeu enviar un correu a: afaiessantmarcal@gmail.com</p>

<!-- This site is optimized with the Yoast SEO plugin v24.3 - https://yoast.com/wordpress/plugins/seo/ -->
<title>Associau-vos - AFA IES SANT MARÇAL</title>
<meta name="robots" content="index, follow, max-snippet:-1, max-image-preview:large, max-video-preview:-1" />
<link rel="canonical" href="https://amipaiessantmarcal.org/index.php/associau-vos/" />
<meta property="og:locale" content="es_ES" />
<meta property="og:type" content="article" />
<meta property="og:title" content="Associau-vos - AFA IES SANT MARÇAL" />
<meta property="og:description" content="Per fer-vos socis heu de fer el següent: Pel curs 2025-26 la quota de socis serà de 25 €. L&#8217;ingrés s&#8217;ha de fer al compte de CAIXABANK ES52 2100 8121 3913 0018 6013, indicant els llinatges de la família. Formulari per associar-se Per qualsevol dubte podeu enviar un correu a: afaiessantmarcal@gmail.com" />
<meta property="og:url" content="https://amipaiessantmarcal.org/index.php/associau-vos/" />
<meta property="og:site_name" content="AFA IES SANT MARÇAL" />
<meta property="article:modified_time" content="2025-05-17T20:12:44+00:00" />
<meta name="twitter:card" content="summary_large_image" />
<meta name="twitter:label1" content="Tiempo de lectura" />
	<meta name="twitter:data1" content="1 minuto" />
<script type="application/ld+json" class="yoast-schema-graph">{"@context":"https://schema.org","@graph":[{"@type":"WebPage","@id":"https://amipaiessantmarcal.org/index.php/associau-vos/","url":"https://amipaiessantmarcal.org/index.php/associau-vos/","name":"Associau-vos - AFA IES SANT MARÇAL","isPartOf":{"@id":"https://amipaiessantmarcal.org/#website"},"datePublished":"2020-06-03T17:18:57+00:00","dateModified":"2025-05-17T20:12:44+00:00","breadcrumb":{"@id":"https://amipaiessantmarcal.org/index.php/associau-vos/#breadcrumb"},"inLanguage":"es","potentialAction":[{"@type":"ReadAction","target":["https://amipaiessantmarcal.org/index.php/associau-vos/"]}]},{"@type":"BreadcrumbList","@id":"https://amipaiessantmarcal.org/index.php/associau-vos/#breadcrumb","itemListElement":[{"@type":"ListItem","position":1,"name":"Home","item":"https://amipaiessantmarcal.org/"},{"@type":"ListItem","position":2,"name":"Associau-vos"}]},{"@type":"WebSite","@id":"https://amipaiessantmarcal.org/#website","url":"https://amipaiessantmarcal.org/","name":"AFA IES SANT MARÇAL","description":"Associació de Famílies de l&#039;Institut de Sant Marçal, Marratxi.","publisher":{"@id":"https://amipaiessantmarcal.org/#organization"},"potentialAction":[{"@type":"SearchAction","target":{"@type":"EntryPoint","urlTemplate":"https://amipaiessantmarcal.org/?s={search_term_string}"},"query-input":{"@type":"PropertyValueSpecification","valueRequired":true,"valueName":"search_term_string"}}],"inLanguage":"es"},{"@type":"Organization","@id":"https://amipaiessantmarcal.org/#organization","name":"AFA IES SANT MARÇAL","url":"https://amipaiessantmarcal.org/","logo":{"@type":"ImageObject","inLanguage":"es","@id":"https://amipaiessantmarcal.org/#/schema/logo/image/","url":"https://amipaiessantmarcal.org/wp-content/uploads/2025/06/cropped-Logo-04.jpg","contentUrl":"https://amipaiessantmarcal.org/wp-content/uploads/2025/06/cropped-Logo-04.jpg","width":189,"height":250,"caption":"AFA IES SANT MARÇAL"},"image":{"@id":"https://amipaiessantmarcal.org/#/schema/logo/image/"}}]}</script>
<!-- / Yoast SEO plugin. -->

Associau-vos - AFA IES SANT MARÇAL

Per fer-vos socis heu de fer el següent: Pel curs 2025-26 la quota de socis serà de 25 €. L&#8217;ingrés s&#8217;ha de fer al compte de CAIXABANK ES52 2100 8121 3913 0018 6013, indicant els llinatges de la família. Formulari per associar-se Per qualsevol dubte podeu enviar un correu a: afaiessantmarcal@gmail.com

AFA IES SANT MARÇAL

Associació de Famílies de l&#039;Institut de Sant Marçal, Marratxi.
